= f*q. Is z prime?
True
Is 68/(-85) - (-102339)/5 a prime number?
False
Let p(v) = -5*v**3 - 12*v**2 + 5. Let k(w) = -11*w**2 - 13*w**2 - w - 11*w**3 + 10 + w. Let r(j) = 6*k(j) - 13*p(j). Is r(6) a composite number?
False
Let q(f) = 150*f**3 + 6*f**2 - 13*f + 11. Is q(4) a prime number?
False
Let c(g) = 749*g - 667. Is c(22) a prime number?
False
Let k(i) = -i**2 + 11. Let n be k(0). Suppose -8*g - 1023 = -n*g. Is g a prime number?
False
Suppose -5*h = 4*r - 6923 + 1152, 0 = 2*h - r - 2298. Is h prime?
True
Let u be 34/14 - 12/28. Let m = 126 + -59. Suppose -u*g + 111 = -m. Is g a composite number?
False
Let p(h) = h**3 - 11*h**2 - 13*h + 16. Let k be p(12). Suppose 2*u = t + k - 53, -5*t + 29 = -u. Is u/16*3932/(-6) prime?
True
Let g(r) = -r**2 - 7*r + 15. Let a be g(-8). Suppose -2*u - 4*b + 4506 = 0, 8*u - b - 2241 = a*u. Is u a composite number?
True
Let v(m) = -m**2 - 5*m + 8. Let w be v(-6). Suppose -7*b = -w*b + 10. Is ((-2)/b)/((-3)/(-102)) prime?
False
Suppose 22 = 7*n - 62. Is (717/2)/(n/16) prime?
False
Let x be (-4)/(-3)*(140 + -5). Let w = 331 - x. Let i = w - -1132. Is i composite?
False
Let n be 274/(-8) + 18/(-24). Let o be 708*(n/(-15))/1. Suppose -p - 274 = i - o, 0 = -4*i - 2*p + 5502. Is i prime?
True
Suppose 3*x = -t + 14, -1 = 3*x - 3*t + t. Suppose 0 = -6*w + 180 - 54. Suppose -w = x*p - 198. Is p a prime number?
True
Suppose -44 = -4*z - 2*r, -4*z - 4*r = -3*r - 48. Suppose z*n - 1841 = 356. Is n prime?
False
Let v = -102 + 167. Is v composite?
True
Let i(b) = -476*b + 10. Let y be i(-6). Let r = -1647 + y. Is r prime?
False
Let c = 22 - 19. Suppose 6*d - c = 5*d. Suppose -5*g - 564 = -3*y + y, g + 833 = d*y. Is y composite?
False
Suppose 25*w - 37033 = -4*w. Is w a composite number?
False
Let a = -11 - -9. Let s(g) be the first derivative of 11*g**3 + 2*g**2 + 3*g + 1. Is s(a) a prime number?
True
Let b(d) = -138*d + 59. Is b(-2) a prime number?
False
Let n(v) = 594*v**2 + 7*v + 8. Is n(-3) a prime number?
True
Let c(g) = 784*g**3 + 5*g**2 - 4*g + 5. Is c(2) prime?
False
Is (-1408)/512 - 328806/(-8) a prime number?
False
Suppose 8021 + 91428 = 7*w. Is w prime?
True
Is 3 + 45/(-12) + 10492/16 a prime number?
False
Let i = 64383 - 40906. Is i a prime number?
False
Suppose 6*a - 9*a + 4227 = 0. Let p = a - 892. Is p composite?
True
Suppose 21*m - 66*m + 30285 = 0. Is m composite?
False
Is 123589/10 - (-53)/530 a prime number?
False
Let b(o) = 16*o - 17. Let m be b(7). Let s(q) = q**3 - 9*q**2 - 2*q - 10. Let i be s(9). Let t = i + m. Is t composite?
False
Suppose 2*v = 3*v - 2. Suppose -4*i = v*l - i - 7, 3*l - 10 = -4*i. Suppose 5*t + 424 = 3*j + j, -l*t + 212 = 2*j. Is j composite?
True
Is -8 + (-18)/42 + 1473064/28 prime?
False
Suppose 4*x - 11 = p + 24, 20 = x + 2*p. Suppose -o = 8 - x. Suppose -2*k + 628 = o*k. Is k a prime number?
True
Suppose -142 - 634 = -2*n. Let p = -255 + n. Suppose r + h - p = 22, -4*h = 8. Is r composite?
False
Suppose 5*w + 7400 = 5*z, -1483 = -3*z + 2*w + 2958. Is z a composite number?
False
Let l(m) = 226*m**3 + 5*m**2 - 6*m - 5. Is l(2) a prime number?
True
Suppose -5*l + 1421 = -4*l. Let h = l + -886. Is h a composite number?
True
Let h be (-114)/(-27) + 2/(-9). Suppose -n - 1118 = 3*f, f + h*n = -4*f - 1861. Is -1*1/(1/f) a prime number?
True
Let m = 221 + -370. Let t = m + 752. Is (-4)/(12/t)*-1 a composite number?
True
Let s(z) be the first derivative of 51*z**4/4 - z**3 + z**2/2 + 3*z + 10. Is s(2) a composite number?
False
Let n(v) = -v + 4. Let o = -6 - -6. Suppose o*f + 36 = -4*f. Is n(f) prime?
True
Let i = 17355 - 2836. Is i a prime number?
True
Let x(r) = -5*r**2 - 26*r + 33. Let z(q) = -4*q**2 - 25*q + 33. Let y(g) = 2*x(g) - 3*z(g). Is y(14) a composite number?
True
Suppose i - 14069 - 588 = 0. Is i composite?
False
Let p = 18120 - 8678. Let i = p + -5245. Is i a prime number?
False
Suppose -346*v = -343*v - 31599. Is v a prime number?
False
Suppose -7 = 3*q - 2*q. Let n = 7 + q. Is (-1*(n - 58))/1 a prime number?
False
Suppose 11*n - 210 = -4*n. Is 19384/n + (217/49 - 4) a prime number?
False
Is (-2)/8 - (-4422057)/372 a prime number?
True
Suppose 2*u - 7835 = 3419. Is u composite?
True
Let k be 124/6 - (-1)/3. Let j = 23 - k. Suppose 5*g = j*t + 791, -5*g + 5*t + 126 = -674. Is g a composite number?
False
Suppose 2*h - 36378 = -4*l, 2*l + 5*h - 9129 = 9040. Is l prime?
False
Let v = 4074 - 2435. Is v composite?
True
Is 10681 + 3 + (7 - 4) prime?
True
Let u = 12423 + -2620. Is u a composite number?
False
Let x(h) = -h**2 + 6*h - 7. Let v be x(3). Is 3/v*178/3 a prime number?
True
Let v(j) = 67 + 3*j + 2*j - 3*j - 3*j. Let i be 3/(-9) - 0 - 3/(-9). Is v(i) a composite number?
False
Let x be 25359/57 - (-14)/133. Let z = -296 + x. Is z a composite number?
False
Suppose 0 = -3*p - 3*n + 4527, -4 + 16 = -3*n. Is p composite?
True
Suppose 2*x = 5*k + 7, 6*k = -x + 5*k. Let t be x*2*(8 + -49). Let u = -51 - t. Is u a prime number?
True
Suppose c - 14 = 4*j, -c - 3*c + 4*j = 4. Let d = c - -9. Suppose -2*g + d*g = 355. Is g a composite number?
True
Suppose 2*c + 13316 = -4*h, -313 + 3620 = -h + 5*c. Let m = h + 4730. Is m a prime number?
False
Suppose 0 = 2*h - 3 - 1. Suppose 5*j - 135 = -5*y, -2*y - 3*y = -h*j - 114. Suppose v = y - 5. Is v a prime number?
True
Suppose -2*l + 52 = -24. Suppose -266 = -4*g - l. Is g/38*998/3 prime?
True
Suppose -l + 0*l = 56. Let y = -28 - l. Let g = 39 - y. Is g a prime number?
True
Suppose -7*p - 5066 = 1024. Let k = 1817 + p. Is k prime?
True
Suppose 2*z - 2*p + 0*p - 14 = 0, -z + 2*p + 7 = 0. Suppose z*c = 17*c - 2210. Is c a composite number?
True
Suppose 2*n = 5*n - 3*g - 36, -n - 6 = 5*g. Let m(c) = -2*c + 18. Let y be m(n). Is y - (-742 + 9/(-3)) prime?
False
Let n be ((-32)/(-10))/(1/(-265)). Let b = n - -1267. Is b a composite number?
False
Let c(f) = 42*f + 5. Suppose 6*v = l + 2*v - 21, 3*v = l - 20. Let s = l - 10. Is c(s) a composite number?
True
Let z(v) = 652*v**3 + 2*v**2 + 3*v - 4. Is z(1) composite?
False
Suppose -10 = -2*q, -4*q = -3*b + q + 52574. Is b composite?
True
Is (-3)/1 - (-4503 - 2) a prime number?
False
Let l = -10071 + 17402. Is l a prime number?
True
Suppose 3*i + 344 = 4*y, 6*y - y - 399 = -4*i. Suppose -5*t - 2*f = -3 - 629, -5*f + 108 = t. Let z = t + y. Is z composite?
False
Let r = -34 - -30. Let t be 10/(20/r) - -311. Suppose w = 4*v + 315, 0*w = w - v - t. Is w a prime number?
True
Let d(p) = 2*p + 29. Let j be d(0). Let l = j + -25. Suppose -3*g = -2*s - 257, 3*s - l*s = -4*g + 336. Is g composite?
False
Let t = -32 - -14. Let y = t - -30. Suppose -451 - y = -5*c + 3*h, -c = 3*h - 107. Is c prime?
False
Suppose -2*l = -4*l + 6. Suppose -412 = l*s - 7*s. Is s prime?
True
Let w(m) be the first derivative of -m**4/4 - 2*m**3 - 7*m**2/2 - 9*m + 9. Is w(-7) prime?
True
Let i be 3 - 2 - (-1 + -1). Suppose i*s = 4*q - 1063, 2*s - 3*q = -3*s - 1768. Let k = 766 + s. Is k a composite number?
True
Let b(h) = 884*h - 1. Let o(w) = 885*w - 2. Let r(u) = -4*b(u) + 3*o(u). Is r(-1) a composite number?
True
Let j = 41 + -117. Let q = j - -160. Is (-2 + 3)*(q - -5) composite?
False
Let q(w) = 48*w**2 - w + 19. Is q(5) composite?
True
Let c(j) = -229*j - 279. Is c(-14) a prime number?
True
Suppose 4*z = 3*k - 103, -3*k = 5*z - 5*k + 127. Let o be 3/(-12) - z/20. Is o - (3 + -1 - 54) prime?
True
Is (-1)/(-3) + 0 + 4448/12 a prime number?
False
Let a = 263 - 205. Suppose 3*s - i = -6*i + 88, 52 = 2*s + 2*i. Let o = a - s. Is o a prime number?
True
Let y(q) = 4*q**2 + 16*q - 13. Let u(g) = 4*g**2 - g - 2. Let d be u(-2). Is y(d) prime?
False
Let k be (-5 - -1171)/(3 - 2). Is k/((-2 - -2) + 2) a composite number?
True
Let k(h) = h**3 - 5*h - 3. Suppose 0 = -5*q + 3*q + 10. Is k(q) a composite number?
False
Suppose -2*r + 4073 + 2715 = 0. Suppose -5*a + r = 719. Is a a composite number?
True
Let c(u) be the third derivative of 2*u**5/15 + u**4/8 + u**3/2 - 4*u**2. Let z be c(-2). Let t = z + -14. Is t a composite number?
True
Suppose -4*x + 4 + 4 = 0. Suppose x*u = -1 + 17. Is (-19)/(-2)*(-2 + u) prime?
False
Let s(v) = -145*v + 3. Let a(i) = 7*i**2 - 2*i + 2. Let z be a(1). Let y = z - 9. Is s(y) prime?
True
Let f = 1867 - 1148. Is f a composite number?
False
Let k = -164 - -166. Suppose -4*f + 2*i = -2578, -3*f - k*i = -1